ase 9, what is -1881 + 8?
-1872
In base 16, what is 5 - -12?
17
In base 15, what is -5 + -124?
-129
In base 15, what is 6c - -9?
76
In base 3, what is 200 + 22002?
22202
In base 7, what is -3 + -2105?
-2111
In base 3, what is 0 - 110?
-110
In base 7, what is 500 + -53?
414
In base 7, what is -5 - -101?
63
In base 8, what is 2477 - -5?
2504
In base 10, what is 308 - -2?
310
In base 7, what is 1122 + 3?
1125
In base 9, what is 3 - -173?
176
In base 7, what is -56 + -21?
-110
In base 10, what is -2047 + -4?
-2051
In base 15, what is -227 + 1?
-226
In base 10, what is -1 - -10199?
10198
In base 16, what is 3 - -1bf?
1c2
In base 8, what is 4 + 40?
44
In base 9, what is 6 + -3436?
-3430
In base 10, what is -564 - 12?
-576
In base 13, what is -10727 - 1?
-10728
In base 7, what is -146 - 3?
-152
In base 12, what is -248 + 6?
-242
In base 13, what is 201 - -2?
203
In base 10, what is -806 + -10?
-816
In base 3, what is -100012101 + 0?
-100012101
In base 7, what is -16 + 316?
300
In base 15, what is -10d3 - -1?
-10d2
In base 9, what is -26002 - -2?
-26000
In base 11, what is 536 + 13?
549
In base 16, what is 4 + -460?
-45c
In base 10, what is -25 - 10?
-35
In base 6, what is -25 + 1?
-24
In base 13, what is -44 - 0?
-44
In base 16, what is -1 - -106?
105
In base 6, what is -502 + 310?
-152
In base 13, what is -b - 1b2?
-1c0
In base 9, what is -785 - -4?
-781
In base 4, what is 12 + 332?
1010
In base 2, what is -10110 + -1000?
-11110
In base 4, what is -2 - 132311?
-132313
In base 8, what is -11 - -15?
4
In base 4, what is 1 - -132?
133
In base 13, what is -11c - -2?
-11a
In base 10, what is 7 + -459?
-452
In base 2, what is -10111111100 - 11?
-10111111111
In base 13, what is 260 + 2?
262
In base 9, what is -1 - -677?
676
In base 8, what is 0 + 1401?
1401
In base 2, what is -11010010100001 + -10?
-11010010100011
In base 16, what is 3 - -4?
7
In base 3, what is 1110 - 210?
200
In base 2, what is 10001000011001 - 11?
10001000010110
In base 9, what is 705 - -1?
706
In base 9, what is 156 - -74?
241
In base 2, what is 1000 - 1011000?
-1010000
In base 8, what is 1111 + 2?
1113
In base 8, what is 4 + 7674?
7700
In base 4, what is 10 - -2312?
2322
In base 15, what is -86 - -c?
-79
In base 9, what is 361 - 4?
356
In base 6, what is -105 - 23?
-132
In base 13, what is 392 - -1?
393
In base 6, what is -12540 - -2?
-12534
In base 2, what is -1010001011 + 100?
-1010000111
In base 11, what is -593 + 4?
-58a
In base 13, what is -158 + 0?
-158
In base 11, what is -13154 + -3?
-13157
In base 16, what is -3 + 3a?
37
In base 8, what is -14 + -257?
-273
In base 9, what is 5277 - 1?
5276
In base 5, what is 3 + -14312?
-14304
In base 9, what is 11767 + 1?
11768
In base 7, what is -2 - -5?
3
In base 14, what is b - -1?
c
In base 5, what is -4 - 3312?
-3321
In base 4, what is -2 + 1333?
1331
In base 11, what is -1184 + -2?
-1186
In base 11, what is 1 - 2575?
-2574
In base 11, what is -20 - 6?
-26
In base 6, what is 4 - -52?
100
In base 15, what is -273 - -4?
-26e
In base 11, what is 3 - 1791?
-1789
In base 12, what is 1b54 + 1?
1b55
In base 13, what is 68 - 4?
64
In base 3, what is 11 - 1110?
-1022
In base 15, what is 5 - -26?
2b
In base 7, what is 421 + -3?
415
In base 4, what is -23 - -12002?
11313
In base 7, what is -11 + 310?
266
In base 6, what is -34 + 14?
-20
In base 12, what is 9 + 86?
93
In base 7, what is 2 + 451?
453
In base 13, what is b - -14?
22
In base 12, what is -3a - -36?
-4
In base 13, what is 5 + 109?
111
In base 2, what is -101 + -110001?
-110110
In base 9, what is -1607 - 3?
-1611
In base 10, what is 1299 - -3?
1302
In base 7, what is 2412 + -26?
2353
In base 10, what is 4 + 649?
653
In base 2, what is -1010101110 + 0?
-1010101110
In base 9, what is 4 + 17?
22
In base 15, what is 0 + -79b?
-79b
In base 3, what is -10 - -12022?
12012
In base 15, what is -147 - 1?
-148
In base 10, what is -64 + -2?
-66
In base 14, what is 6 - -7a?
82
In base 14, what is 13 + -41?
-2c
In base 11, what is 7 + -692?
-686
In base 10, what is 3066 - 0?
3066
In base 2, what is 1011 + -1101?
-10
In base 6, what is 310 - 53?
213
In base 2, what is 10100000 + -101?
10011011
In base 9, what is -30 - 5?
-35
In base 12, what is 961 + 1?
962
In base 15, what is 38 + 7?
40
In base 3, what is -10 - 0?
-10
In base 13, what is -405 - -1?
-404
In base 13, what is -12 - 9a?
-ac
In base 2, what is 1001110111 + 0?
1001110111
In base 15, what is db - 40?
9b
In base 13, what is -11830 - 5?
-11835
In base 13, what is -1c - 30?
-4c
In base 9, what is -1387 + 3?
-1384
In base 5, what is -13401 - -13?
-13333
In base 4, what is -12 + -233?
-311
In base 9, what is 4 + -221?
-216
In base 16, what is 2c + -2d?
-1
In base 16, what is f + 1?
10
In base 3, what is -120 + 1102?
212
In base 16, what is -11 - 0?
-11
In base 6, what is 42 - 51?
-5
In base 16, what is e04 + 1?
e05
In base 9, what is 125 + 285?
421
In base 12, what is -43 + 42?
-1
In base 7, what is 200 - 6?
161
In base 9, what is -1051 - 2?
-1053
In base 3, what is 10201 + -12?
10112
In base 3, what is 200212 - 12?
200200
In base 4, what is 233 - 2?
231
In base 3, what is 121121 - 11?
121110
In base 10, what is 337 + -1?
336
In base 6, what is -2132 + -2?
-2134
In base 2, what is -1010011010 + 1?
-1010011001
In base 5, what is 124 - -44?
223
In base 7, what is -442 + 31?
-411
In base 15, what is 110 - -2?
112
In base 5, what is -122 + -4?
-131
In base 8, what is 7 - 32?
-23
In base 3, what is 2100120 + 0?
2100120
In base 3, what is -120 - 2200?
-10020
In base 2, what is 100111001 - -1010?
101000011
In base 4, what is -2 - -33300?
33232
In base 13, what is 282 - 5?
27a
In base 10, what is -92 + -4?
-96
In base 6, what is 0 + 31204?
31204
In base 12, what is 5 - 39?
-34
In base 8, what is 67 + 1?
70
In base 8, what is -45422 + -2?
-45424
In base 12, what is -39a - 1?
-39b
In base 12, what is a3 + -7?
98
In base 6, what is -45 - -5?
-40
In base 4, what is 1 - -1301?
1302
In base 14, what is c37 - -2?
c39
In base 14, what is b8 + 1b?
d5
In base 15, what is 2 + be?
c1
In base 13, what is -75 - -2?
-73
In base 9, what is 5 - -3726?
3732
In base 10, what is -4 - 152?
-156
In base 6, what is -2052 - 5?
-2101
In base 14, what is -1 + -80?
-81
In base 10, what is -12800 + 1?
-12799
In base 3, what is -212 - -2102?
1120
In base 16, what is 1 - 63?
-62
In base 8, what is -2 + 35?
33
In base 9, what is 2431 - 1?
2430
In base 13, what is -1 + -786?
-787
In base 14, what is -5 - -23?
1c
In base 14, what is 99 + -20?
79
In base 6, what is 0 + -13001?
-13001
In base 11, what is 4 - 2206?
-2202
In base 2, what is -1 + -110010000101?
-110010000110
In base 7, what is 13 - -1415?
1431
In base 15, what is 9 - -19?
23
In base 15, what is -5 + 35?
30
In base 14, what is 87 + -4?
83
In base 13, what is -3 - -590?
58a
In base 9, what is -5 - 828?
-834
In base 16, what is 57 - -1?
58
In base 10, what is 6 - 14?
-8
In base 3, what is 11021 - -211?
12002
In base 2, what is 1011 - -1010101?
1100000
In base 15, what is -b + 26?
1a
In base 7, what is -53334 + 1?
-53333
In base 10, what is -1374 + -10?
-1384
In base 4, what is -12 + 302?
230
In base 4, what is 122 + -200?
-12
In base 3, what is -10221 - -12?
-10202
In base 4, what is -11200 - -2?
-11132
In base 2, what is -11 + -11000101011?
-11000101110
In base 10, what is -6 + 19?
13
In base 14, what is 5 + 7?
c
In base 16, what is 15 - -5d?
72
In base 5, what is 4 + 201?
210
In base 14, what is -c + -61?
-6d
In base 6, what is 151 + -2?
145
In base 10, what is 727 + -4?
723
In base 4, what is -11 - -3?
-2
In base 9, what is 5 + 353?
358
In base 8, what is -23 - 1621?
-1644
In base 9, what is 28 - 10?
18
In base 7, what is -1 + -16302?
-16303
In base 15, what is 17 - -120?
137
In base 3, what is -12112 + -1102?
-20221
In base 6, what is 20 + -142?
-122
In base 7, what is -6 + 20611?
20602
In base 6, what is -1224 - -2?
-1222
In base 6, what is -214 - 2?
-220
In base 10, what is 1 + 591?
592
In base 14, what is -1 + 3a41?
3a40
In base 12, what is -14 - 69?
-81
In base 5, what is -13410 + 1?
-13404
In base 12, what is 543 + 2?
545
In base 8, what is 370 - -16?
406
In base 14, what is -6 - -c18?
c12
In base 8, what is 0 - -200?
200
In base 10, what is -1896 + 2?
-1894
In base 13, what is -2 + 11?
c
In base 12, what is -127 